{"id":79,"date":"2025-10-26T23:33:53","date_gmt":"2025-10-26T23:33:53","guid":{"rendered":"http:\/\/mariedofarail.com\/index.php\/about\/"},"modified":"2025-10-30T10:34:01","modified_gmt":"2025-10-30T09:34:01","slug":"about","status":"publish","type":"page","link":"https:\/\/mariedofarail.com\/index.php\/about\/","title":{"rendered":"About"},"content":{"rendered":"\t\t<div data-elementor-type=\"wp-page\" data-elementor-id=\"79\" class=\"elementor elementor-79\">\n\t\t\t\t<div class=\"elementor-element elementor-element-1e080578 e-con-full e-flex e-con e-parent\" data-id=\"1e080578\" data-element_type=\"container\" data-settings=\"{&quot;background_background&quot;:&quot;classic&quot;}\">\n\t\t\t\t<div class=\"elementor-element elementor-element-6c093b41 elementor-widget elementor-widget-flex-hero\" data-id=\"6c093b41\" data-element_type=\"widget\" data-settings=\"{&quot;layout_preset&quot;:&quot;storytelling&quot;,&quot;primary_button_shape&quot;:&quot;default&quot;,&quot;image_shape&quot;:&quot;sharp&quot;,&quot;box_shape&quot;:&quot;sharp&quot;}\" data-widget_type=\"flex-hero.default\">\n\t\t\t\t<div class=\"elementor-widget-container\">\n\t\t\t\t\t\t\t<div class=\"has-shape-sharp shape-type-box ehp-flex-hero has-layout-preset-storytelling\">\n\t\t\t\t\t\t<div class=\"ehp-flex-hero__overlay\"><\/div>\n\t\t\t<div class=\"ehp-flex-hero__content-container\">\n\t\t\t\t<h2 class=\"ehp-flex-hero__heading\">L\u2019ATELIER VEGETAL<\/h2><h3 class=\"ehp-flex-hero__subheading\">Mon atelier se situe dans un village du Minervois. Fen\u00eatres au sud, vue sur le jardin et sur les oliviers qui\nprennent de l\u2019envergure.<\/h3>\t\t\t<div class=\"ehp-flex-hero__ctas-container\">\n\t\t\t\t\t\t\t\t\t\t\t<\/div>\n\t\t\t\t\t<\/div>\n\t\t\t\t<div class=\"ehp-flex-hero__image-wrapper\">\n\t\t\t\t<\/div>\n\t\t\t\t<\/div>\n\t\t\t\t\t\t<\/div>\n\t\t\t\t<\/div>\n\t\t\t\t<\/div>\n\t\t<div class=\"elementor-element elementor-element-f64b37b e-con-full e-flex e-con e-parent\" data-id=\"f64b37b\" data-element_type=\"container\">\n\t\t\t\t<div class=\"elementor-element elementor-element-152038fe elementor-widget elementor-widget-zigzag\" data-id=\"152038fe\" data-element_type=\"widget\" data-settings=\"{&quot;image_shape&quot;:&quot;sharp&quot;}\" data-widget_type=\"zigzag.default\">\n\t\t\t\t<div class=\"elementor-widget-container\">\n\t\t\t\t\t\t\t<div class=\"ehp-zigzag has-direction-end has-image-stretch\">\n\t\t\t\t\t\t\t<div class=\"ehp-zigzag__item-wrapper\">\n\t\t\t\t\t<div class=\"ehp-zigzag__item-container\">\n\t\t\t\t\t\t\t\t<div class=\"ehp-zigzag__graphic-element-container has-image\">\n\t\t\t\t\t\t<div class=\"ehp-image ehp-zigzag__image-container\">\n\t\t\t\t<img decoding=\"async\" class=\"ehp-image__img ehp-zigzag__img has-shape-sharp shape-type-image\" src=\"https:\/\/mariedofarail.com\/wp-content\/uploads\/2025\/10\/IMG_5459-scaled.jpg\" title=\"IMG_5459\" alt=\"IMG_5459\" loading=\"lazy\" \/>\t\t\t<\/div>\n\t\t\t\t\t<\/div>\n\t\t\t\t<div class=\"ehp-zigzag__text-container is-graphic-image\">\n\t\t\t<h2 class=\"ehp-zigzag__title\">Plusieurs rencontres ont jalonn\u00e9 mon travail.<\/h2><p class=\"ehp-zigzag__description\">  <h3>D\u00e9couvertes &amp; techniques<\/h3>\n\n  <p>La premi\u00e8re d\u00e9couverte fut la <strong>fabrication de papier<\/strong>, en utilisant de vieux cartons et du papier usag\u00e9.<\/p>\n\n  <p>Ensuite, la <strong>fabrication de papier \u00e0 partir du v\u00e9g\u00e9tal<\/strong> \u2014 orties, lierre, <em>rafles de raisins<\/em>, roseaux\u2026 \u2014 \n  qui donne, \u00e0 l\u2019\u00e9tat brut, tout un panel color\u00e9 de feuilles de papier.<\/p>\n\n  <p>Je d\u00e9couvre plus tard le travail de la <strong>p\u00e2te \u00e0 papier<\/strong> : je <em>travaille le volume<\/em>.<\/p>\n\n  <p>La troisi\u00e8me \u00e9tape sera la <strong>dentelle v\u00e9g\u00e9tale<\/strong>. Entour\u00e9e de plantes dans mon environnement imm\u00e9diat, je cueille, je d\u00e9couvre, j\u2019exp\u00e9rimente&nbsp;:<\/p>\n  <ul>\n    <li>lierre, oliviers, salsepareille&nbsp;;<\/li>\n    <li>feuilles d\u2019iris et de yucca&nbsp;;<\/li>\n    <li>lors de randonn\u00e9es en zones plus montagneuses&nbsp;: feuilles de ch\u00e2taignier, orties, pr\u00eales.<\/li>\n  <\/ul>\n\n  <p>Parall\u00e8lement, je recherche les <strong>plantes tinctoriales<\/strong> dans mon jardin \n  (je d\u00e9couvre les pouvoirs d\u2019autres plantes&nbsp;: artichaut, avocat, oignon, garance, curcuma\u2026).<\/p>\n\n  <p>Ainsi, je m\u00eale <strong>dentelle<\/strong>, <strong>papier<\/strong> et <strong>teinture<\/strong>.<\/p>\n<\/p>\t\t<\/div>\n\t\t\t\t\t\t\t<\/div>\n\t\t\t\t<\/div>\n\t\t\t\t\t\t\t\t<div class=\"ehp-zigzag__item-wrapper\">\n\t\t\t\t\t<div class=\"ehp-zigzag__item-container\">\n\t\t\t\t\t\t\t\t<div class=\"ehp-zigzag__graphic-element-container has-image\">\n\t\t\t\t\t\t<div class=\"ehp-image ehp-zigzag__image-container ehp-image ehp-zigzag__image-container\">\n\t\t\t\t<img decoding=\"async\" class=\"ehp-image__img ehp-zigzag__img has-shape-sharp shape-type-image\" src=\"https:\/\/mariedofarail.com\/wp-content\/uploads\/2025\/10\/IMG_6417-scaled.jpg\" title=\"IMG_6417\" alt=\"IMG_6417\" loading=\"lazy\" \/>\t\t\t<\/div>\n\t\t\t\t\t<\/div>\n\t\t\t\t<div class=\"ehp-zigzag__text-container is-graphic-image\">\n\t\t\t<h2 class=\"ehp-zigzag__title\">Diff\u00e9rents temps rythment mon travail.<\/h2><p class=\"ehp-zigzag__description\">  <h3>D\u00e9marche &amp; \u00e9tapes<\/h3>\n\n  <ol>\n    <li><strong>Vagabondage<\/strong> \u00e0 travers les lieux et les itin\u00e9raires.<\/li>\n    <li><strong>Rep\u00e9rage des plantes<\/strong> selon la saison, puis cueillette.<\/li>\n    <li><strong>Essais de cuisson<\/strong> (multiples tests et ajustements).<\/li>\n    <li><strong>Mise sous presse<\/strong> ou <strong>mise en attente<\/strong>, selon la mati\u00e8re.<\/li>\n    <li><strong>Teinture<\/strong>, un travail sp\u00e9cifique et minutieux.<\/li>\n  <\/ol>\n\n  <p><em>Puis vient la cr\u00e9ation<\/em>, inspir\u00e9e par les plantes et les couleurs.<\/p><\/p>\t\t<\/div>\n\t\t\t\t\t\t\t<\/div>\n\t\t\t\t<\/div>\n\t\t\t\t\t\t\t\t<div class=\"ehp-zigzag__item-wrapper\">\n\t\t\t\t\t<div class=\"ehp-zigzag__item-container\">\n\t\t\t\t\t\t\t\t<div class=\"ehp-zigzag__graphic-element-container has-image\">\n\t\t\t\t\t\t<div class=\"ehp-image ehp-zigzag__image-container ehp-image ehp-zigzag__image-container ehp-image ehp-zigzag__image-container\">\n\t\t\t\t<img decoding=\"async\" class=\"ehp-image__img ehp-zigzag__img has-shape-sharp shape-type-image\" src=\"https:\/\/mariedofarail.com\/wp-content\/uploads\/2025\/10\/IMG_6642-scaled.jpg\" title=\"IMG_6642\" alt=\"IMG_6642\" loading=\"lazy\" \/>\t\t\t<\/div>\n\t\t\t\t\t<\/div>\n\t\t\t\t<div class=\"ehp-zigzag__text-container is-graphic-image\">\n\t\t\t<h2 class=\"ehp-zigzag__title\">Mes pr\u00e9f\u00e9rences<\/h2><p class=\"ehp-zigzag__description\">  <h3>Plantes &amp; mati\u00e8res<\/h3>\n\n  <dl>\n    <dt>Feuille de lierre<\/dt>\n    <dd>Premi\u00e8re d\u00e9couverte : apr\u00e8s de nombreux essais de cuisson, la <strong>dentelle<\/strong> appara\u00eet \u2014 merveille de pr\u00e9cision, de d\u00e9licatesse et de transparence.<\/dd>\n\n    <dt>Ortie<\/dt>\n    <dd>Pr\u00e9f\u00e9r\u00e9e des jardiniers, d\u00e9test\u00e9e par les enfants&nbsp;: elle <strong>fabrique un beau papier vert<\/strong>, dense et solide, mais il reste difficile de trouver l\u2019\u00e9quilibre pour n\u2019en garder que la dentelle.<\/dd>\n\n    <dt>Yucca &amp; iris<\/dt>\n    <dd>Donnent des <strong>lianes<\/strong> plus ou moins rigides, \u00e9tonnamment tr\u00e8s solides.<\/dd>\n\n    <dt>Feuille de ch\u00e2taignier<\/dt>\n    <dd>Gratifiante&nbsp;: elle <strong>absorbe toutes les teintures<\/strong>. En revanche, la feuille a du caract\u00e8re&nbsp;: elle ne fait pas dans la dentelle.<\/dd>\n\n    <dt>Feuilles d\u2019olivier<\/dt>\n    <dd>Faciles \u00e0 trouver dans ma r\u00e9gion, elles exigent un <strong>travail de patience<\/strong>, petite feuille apr\u00e8s petite feuille.<\/dd>\n\n    <dt>Pr\u00eales<\/dt>\n    <dd>Font voyager&nbsp;: les <strong>fibres restantes<\/strong> semblent venir des premi\u00e8res \u00e9critures.<\/dd>\n\n    <dt>Salsepareille<\/dt>\n    <dd>Envahit nos jardins ; <strong>peu ais\u00e9e \u00e0 cueillir<\/strong>, mais elle forme des c\u0153urs.<\/dd>\n  <\/dl>\n\n  <p>Certaines dentelles de feuilles se pr\u00eatent <strong>au volume<\/strong>, d\u2019autres non.<\/p>\n\n  <p>De d\u00e9couverte en d\u00e9couverte, j\u2019explore au-del\u00e0 du jardin&nbsp;: d\u2019autres arbres, d\u2019autres plantes qui pourraient un jour me donner envie de leur offrir une seconde vie.<\/p><\/p>\t\t<\/div>\n\t\t\t\t\t\t\t<\/div>\n\t\t\t\t<\/div>\n\t\t\t\t\t\t\t<\/div>\n\t\t\t\t\t\t<\/div>\n\t\t\t\t<\/div>\n\t\t\t\t<\/div>\n\t\t\t\t<\/div>\n\t\t","protected":false},"excerpt":{"rendered":"<p>L\u2019ATELIER VEGETAL Mon atelier se situe dans un village du Minervois. Fen\u00eatres au sud, vue sur le jardin et sur les oliviers qui prennent de l\u2019envergure. Plusieurs rencontres ont jalonn\u00e9 mon travail. D\u00e9couvertes &amp; techniques La premi\u00e8re d\u00e9couverte fut la fabrication de papier, en utilisant de vieux cartons et du papier usag\u00e9. Ensuite, la fabrication [&hellip;]<\/p>\n","protected":false},"author":1,"featured_media":0,"parent":0,"menu_order":0,"comment_status":"closed","ping_status":"closed","template":"elementor_header_footer","meta":{"footnotes":""},"class_list":["post-79","page","type-page","status-publish","hentry"],"jetpack_sharing_enabled":true,"_links":{"self":[{"href":"https:\/\/mariedofarail.com\/index.php\/wp-json\/wp\/v2\/pages\/79","targetHints":{"allow":["GET"]}}],"collection":[{"href":"https:\/\/mariedofarail.com\/index.php\/wp-json\/wp\/v2\/pages"}],"about":[{"href":"https:\/\/mariedofarail.com\/index.php\/wp-json\/wp\/v2\/types\/page"}],"author":[{"embeddable":true,"href":"https:\/\/mariedofarail.com\/index.php\/wp-json\/wp\/v2\/users\/1"}],"replies":[{"embeddable":true,"href":"https:\/\/mariedofarail.com\/index.php\/wp-json\/wp\/v2\/comments?post=79"}],"version-history":[{"count":10,"href":"https:\/\/mariedofarail.com\/index.php\/wp-json\/wp\/v2\/pages\/79\/revisions"}],"predecessor-version":[{"id":270,"href":"https:\/\/mariedofarail.com\/index.php\/wp-json\/wp\/v2\/pages\/79\/revisions\/270"}],"wp:attachment":[{"href":"https:\/\/mariedofarail.com\/index.php\/wp-json\/wp\/v2\/media?parent=79"}],"curies":[{"name":"wp","href":"https:\/\/api.w.org\/{rel}","templated":true}]}}